{"id":26,"date":"2024-03-07T15:16:32","date_gmt":"2024-03-07T14:16:32","guid":{"rendered":"http:\/\/ame-a-ane.fr\/?page_id=26"},"modified":"2024-03-15T20:36:36","modified_gmt":"2024-03-15T19:36:36","slug":"contact","status":"publish","type":"page","link":"https:\/\/ame-a-ane.fr\/index.php\/contact\/","title":{"rendered":"Contact"},"content":{"rendered":"<p class=\"has-text-align-left has-neve-text-color-color has-text-color\" style=\"text-align: center;\"><span style=\"color: #ff00ff; font-size: 24pt;\"><a style=\"color: #ff00ff;\" href=\"mailto:contact @ame-a-ane.fr\" target=\"_blank\" rel=\"noopener\"><strong>En attendant la fin de la cr\u00e9ation du site, <\/strong><\/a><\/span><\/p>\n<p class=\"has-text-align-left has-neve-text-color-color has-text-color\" style=\"text-align: center;\"><span style=\"color: #ff00ff; font-size: 24pt;\"><strong><a style=\"color: #ff00ff; text-decoration: underline;\" href=\"mailto:contact @ame-a-ane.fr\" target=\"_blank\" rel=\"noopener\"> pour tout type de renseignement<\/a><\/strong><strong>,<\/strong><\/span><\/p>\n<p class=\"has-text-align-left has-neve-text-color-color has-text-color\" style=\"text-align: center;\"><span style=\"color: #ff00ff; font-size: 24pt;\"><a style=\"color: #ff00ff; text-decoration: underline;\" href=\"mailto:contact @ame-a-ane.fr\" target=\"_blank\" rel=\"noopener\"><strong>je vous convie \u00e0 me contacter <\/strong><\/a><\/span><span style=\"color: #ff00ff; font-size: 24pt;\"><strong>:<\/strong><\/span><\/p>\n<p class=\"has-text-align-left has-neve-text-color-color has-text-color\" style=\"text-align: center;\"><span style=\"color: #ff00ff; font-size: 24pt;\"><strong><a style=\"color: #ff00ff;\" href=\"mailto:contact @ame-a-ane.fr\" target=\"_blank\" rel=\"noopener\">contact@ame-a-ane.fr<\/a><\/strong><\/span><\/p>\n<p class=\"has-text-align-left has-neve-text-color-color has-text-color\" style=\"text-align: center;\"><span style=\"color: #ff00ff; font-size: 24pt;\"><a style=\"color: #ff00ff; text-decoration: underline;\" href=\"mailto:contact @ame-a-ane.fr\" target=\"_blank\" rel=\"noopener\"><strong>A bient\u00f4t\u00a0 !<\/strong><\/a><\/span><\/p>\n<p>&nbsp;<\/p>\n<p class=\"has-text-align-left has-neve-text-color-color has-text-color\" style=\"text-align: center;\"><span style=\"color: #ff00ff; font-size: 24pt;\"><a style=\"color: #ff00ff;\" href=\"mailto:contact @ame-a-ane.fr\" target=\"_blank\" rel=\"noopener\"><strong>\u00a0<\/strong><\/a><\/span><\/p>\n","protected":false},"excerpt":{"rendered":"<p>En attendant la fin de la cr\u00e9ation du site, pour tout type de renseignement, je vous convie \u00e0 me contacter : contact@ame-a-ane.fr A bient\u00f4t\u00a0 ! &nbsp; \u00a0<\/p>\n","protected":false},"author":1,"featured_media":0,"parent":0,"menu_order":0,"comment_status":"closed","ping_status":"closed","template":"","meta":{"footnotes":""},"class_list":["post-26","page","type-page","status-publish","hentry"],"_links":{"self":[{"href":"https:\/\/ame-a-ane.fr\/index.php\/wp-json\/wp\/v2\/pages\/26","targetHints":{"allow":["GET"]}}],"collection":[{"href":"https:\/\/ame-a-ane.fr\/index.php\/wp-json\/wp\/v2\/pages"}],"about":[{"href":"https:\/\/ame-a-ane.fr\/index.php\/wp-json\/wp\/v2\/types\/page"}],"author":[{"embeddable":true,"href":"https:\/\/ame-a-ane.fr\/index.php\/wp-json\/wp\/v2\/users\/1"}],"replies":[{"embeddable":true,"href":"https:\/\/ame-a-ane.fr\/index.php\/wp-json\/wp\/v2\/comments?post=26"}],"version-history":[{"count":10,"href":"https:\/\/ame-a-ane.fr\/index.php\/wp-json\/wp\/v2\/pages\/26\/revisions"}],"predecessor-version":[{"id":114,"href":"https:\/\/ame-a-ane.fr\/index.php\/wp-json\/wp\/v2\/pages\/26\/revisions\/114"}],"wp:attachment":[{"href":"https:\/\/ame-a-ane.fr\/index.php\/wp-json\/wp\/v2\/media?parent=26"}],"curies":[{"name":"wp","href":"https:\/\/api.w.org\/{rel}","templated":true}]}}